{"id":3005,"date":"2011-04-25T19:32:48","date_gmt":"2011-04-25T16:32:48","guid":{"rendered":"http:\/\/kinanen.fi\/wordpress\/?page_id=3005"},"modified":"2015-06-21T10:48:06","modified_gmt":"2015-06-21T07:48:06","slug":"videoita-ja-matkakuvia","status":"publish","type":"page","link":"https:\/\/www.kinanen.fi\/nukkekoti\/videoita-ja-matkakuvia\/","title":{"rendered":"Videot, matkakuvat, leikekirja, huomioita"},"content":{"rendered":"<figure id=\"attachment_1207\" aria-describedby=\"caption-attachment-1207\" style=\"width: 640px\" class=\"wp-caption aligncenter\"><img fetchpriority=\"high\" decoding=\"async\" class=\"size-full wp-image-1207\" src=\"http:\/\/kinanen.fi\/wordpress\/wp-content\/uploads\/2010\/07\/Alpen.jpg\" alt=\"Alpeilla\" width=\"640\" height=\"480\" \/><figcaption id=\"caption-attachment-1207\" class=\"wp-caption-text\">Alpeilla<\/figcaption><\/figure>\n<p>Eevertin kotikansioihin on ilmaantunut perinteisten valokuvien ohella my\u00f6s kotivideoita. Onhan Eevert ahkera kuvailija ja matkaaja, joten valokuvakansion lis\u00e4ksi on tekniikan kehittyess\u00e4 avautunut my\u00f6s aivan ainutlaatuinen You Tube-maailma. N\u00e4m\u00e4 Eevert on asianmukaisesti tallentanut omaan kirjastoonsa kaikkien vieraidensa iloksi.<\/p>\n<p>Ajan kuluessa my\u00f6s ilahduttavista huomioista ja julkisuudesta minimaailmassa on saanut nauttia. Kiitos lukijoille ja blogin yst\u00e4ville kaikista niist\u00e4.<\/p>\n<p>&nbsp;<\/p>\n<p>Mukavia hetki\u00e4!<\/p>\n<p><a href=\"http:\/\/www.flickr.com\/photos\/marekina\/sets\/72157623873788128\/detail\/\" target=\"_blank\"><span style=\"color: #ff99cc;\">Matkakuvakansio<\/span><\/a><\/p>\n<p><a href=\"http:\/\/www.flickr.com\/photos\/marekina\/sets\/72157623371738288\/detail\/\" target=\"_blank\"><span style=\"color: #ff99cc;\">Talonrakennuskuvia<\/span><\/a><\/p>\n<p><a href=\"http:\/\/www.youtube.com\/watch?v=1ZoP7apTt-4&amp;feature=player_embedded\" target=\"_blank\"><span style=\"color: #ffcc99;\">Taavitsaisen talo 1920-luvun henkeen -video<\/span><\/a><\/p>\n<p><a href=\"http:\/\/www.youtube.com\/watch?v=dUSf94XwKBE&amp;feature=related\" target=\"_blank\"><span style=\"color: #ffcc99;\">Eevert ja Ludmila Viipurissa &#8211; video<\/span><\/a><\/p>\n<p><a href=\"http:\/\/www.youtube.com\/watch?v=DxYvgVrrxcg&amp;feature=player_embedded\" target=\"_blank\"><span style=\"color: #ffcc99;\">Tonttutanssit 2011<\/span><\/a><span style=\"color: #ffcc99;\"> &#8211; video<\/span><\/p>\n<p><span style=\"color: #ffcc99;\"><a href=\"http:\/\/www.youtube.com\/watch?v=PLGD_pauMQo&amp;feature=player_embedded\" target=\"_blank\"><span style=\"color: #ffcc99;\">Kappeli &#8211; video<\/span><\/a><\/span><\/p>\n<p><a href=\"http:\/\/www.youtube.com\/watch?v=QUebluMDkPY&amp;feature=player_embedded\" target=\"_blank\"><span style=\"color: #ffcc99;\">Kappelin urut soivat &#8211; video\u00e4\u00e4nite<\/span><\/a><\/p>\n<p><span style=\"color: #ffcc99;\"><a href=\"http:\/\/www.youtube.com\/watch?v=iQTxJc-GNUo\" target=\"_blank\"><span style=\"color: #ffcc99;\">Eevertin sali 360\u00b0 kuvaus -video<\/span><\/a><\/span><\/p>\n<p><span style=\"color: #ffcc99;\"><a href=\"http:\/\/kinanen.fi\/wordpress\/?p=1794\" target=\"_blank\"><span style=\"color: #ffcc99;\"><span style=\"color: #00ffff;\">Eevertin joulu JiiPee-lehdess\u00e4 2010<\/span><\/span><\/a><a href=\"http:\/\/kinanen.fi\/wordpress\/?s=jiipee&amp;searchbtn=Etsi\" target=\"_blank\"><span style=\"color: #ffcc99;\"><br \/>\n<\/span><\/a><\/span><\/p>\n<p><span style=\"color: #ff6600;\"><a href=\"http:\/\/jjminit.blogspot.fi\/2013\/01\/suomen-ihanin-nukkekotiblogi-sija-3.html\" target=\"_blank\"><span style=\"color: #ff6600;\">\u00a0Suomen ihanin nukkekoti 2012 -kilpailu, 3.sija<\/span><\/a><\/span><\/p>\n<p><span style=\"color: #00ffff;\"><a href=\"http:\/\/kinanen.fi\/wordpress\/?p=7186\" target=\"_blank\"><span style=\"color: #00ffff;\">Nukkekotilehti 2013 <\/span><\/a><\/span><\/p>\n<p>&nbsp;<\/p>\n<p>&nbsp;<\/p>\n","protected":false},"excerpt":{"rendered":"<p>Eevertin kotikansioihin on ilmaantunut perinteisten valokuvien ohella my\u00f6s kotivideoita. Onhan Eevert ahkera kuvailija ja matkaaja, joten valokuvakansion lis\u00e4ksi on tekniikan kehittyess\u00e4 avautunut my\u00f6s aivan ainutlaatuinen You Tube-maailma. N\u00e4m\u00e4 Eevert on asianmukaisesti tallentanut omaan kirjastoonsa kaikkien vieraidensa iloksi. Ajan kuluessa my\u00f6s ilahduttavista huomioista ja julkisuudesta minimaailmassa on saanut nauttia. Kiitos lukijoille ja blogin yst\u00e4ville kaikista niist\u00e4. [&hellip;]<\/p>\n","protected":false},"author":1,"featured_media":0,"parent":0,"menu_order":5,"comment_status":"open","ping_status":"closed","template":"","meta":{"footnotes":""},"class_list":["post-3005","page","type-page","status-publish","hentry"],"_links":{"self":[{"href":"https:\/\/www.kinanen.fi\/nukkekoti\/wp-json\/wp\/v2\/pages\/3005","targetHints":{"allow":["GET"]}}],"collection":[{"href":"https:\/\/www.kinanen.fi\/nukkekoti\/wp-json\/wp\/v2\/pages"}],"about":[{"href":"https:\/\/www.kinanen.fi\/nukkekoti\/wp-json\/wp\/v2\/types\/page"}],"author":[{"embeddable":true,"href":"https:\/\/www.kinanen.fi\/nukkekoti\/wp-json\/wp\/v2\/users\/1"}],"replies":[{"embeddable":true,"href":"https:\/\/www.kinanen.fi\/nukkekoti\/wp-json\/wp\/v2\/comments?post=3005"}],"version-history":[{"count":8,"href":"https:\/\/www.kinanen.fi\/nukkekoti\/wp-json\/wp\/v2\/pages\/3005\/revisions"}],"predecessor-version":[{"id":8821,"href":"https:\/\/www.kinanen.fi\/nukkekoti\/wp-json\/wp\/v2\/pages\/3005\/revisions\/8821"}],"wp:attachment":[{"href":"https:\/\/www.kinanen.fi\/nukkekoti\/wp-json\/wp\/v2\/media?parent=3005"}],"curies":[{"name":"wp","href":"https:\/\/api.w.org\/{rel}","templated":true}]}}