{"id":5912,"date":"2012-12-27T18:01:57","date_gmt":"2012-12-27T16:01:57","guid":{"rendered":"http:\/\/kinanen.fi\/wordpress\/?page_id=5912"},"modified":"2019-02-12T00:20:44","modified_gmt":"2019-02-11T22:20:44","slug":"muut-talot","status":"publish","type":"page","link":"https:\/\/www.kinanen.fi\/nukkekoti\/tietoja-talosta\/muut-talot\/","title":{"rendered":"Muut talot"},"content":{"rendered":"<p>Eevertin p\u00e4\u00e4talon lis\u00e4ksi aikaa my\u00f6ten on syntynyt my\u00f6s muita taloja jotka kiinte\u00e4asti liittyv\u00e4t Eevertin el\u00e4m\u00e4nkulkuun.<\/p>\n<h3>Kalamaja<\/h3>\n<p>Se rakentui Siipan k\u00e4tk\u00f6ist\u00e4 l\u00f6ydettyyn seimiasetelman talliin.<\/p>\n<figure id=\"attachment_5878\" aria-describedby=\"caption-attachment-5878\" style=\"width: 503px\" class=\"wp-caption aligncenter\"><img fetchpriority=\"high\" decoding=\"async\" class=\"size-full wp-image-5878\" src=\"http:\/\/kinanen.fi\/wordpress\/wp-content\/uploads\/2012\/12\/kalamaja.jpg\" alt=\"Kalamaja\" width=\"503\" height=\"326\" \/><figcaption id=\"caption-attachment-5878\" class=\"wp-caption-text\">Kalamaja<\/figcaption><\/figure>\n<p>&nbsp;<\/p>\n<figure id=\"attachment_3615\" aria-describedby=\"caption-attachment-3615\" style=\"width: 504px\" class=\"wp-caption aligncenter\"><img decoding=\"async\" class=\"size-full wp-image-3615\" src=\"http:\/\/kinanen.fi\/wordpress\/wp-content\/uploads\/2011\/09\/kalamaja6.jpg\" alt=\"Maja\" width=\"504\" height=\"375\" \/><figcaption id=\"caption-attachment-3615\" class=\"wp-caption-text\">Tupanen<\/figcaption><\/figure>\n<p>&nbsp;<\/p>\n<figure id=\"attachment_2649\" aria-describedby=\"caption-attachment-2649\" style=\"width: 501px\" class=\"wp-caption aligncenter\"><img decoding=\"async\" class=\"size-full wp-image-2649\" src=\"http:\/\/kinanen.fi\/wordpress\/wp-content\/uploads\/2011\/02\/kamina4.jpg\" alt=\"Kahvin keittoa\" width=\"501\" height=\"334\" \/><figcaption id=\"caption-attachment-2649\" class=\"wp-caption-text\">Kahvin keittoa<\/figcaption><\/figure>\n<p>&nbsp;<\/p>\n<figure id=\"attachment_2622\" aria-describedby=\"caption-attachment-2622\" style=\"width: 503px\" class=\"wp-caption aligncenter\"><img loading=\"lazy\" decoding=\"async\" class=\"size-full wp-image-2622\" src=\"http:\/\/kinanen.fi\/wordpress\/wp-content\/uploads\/2011\/02\/Talo9.jpg\" alt=\"Vajan puolta\" width=\"503\" height=\"608\" \/><figcaption id=\"caption-attachment-2622\" class=\"wp-caption-text\">Vajan puolta<\/figcaption><\/figure>\n<h3>\u00a0Kappeli<\/h3>\n<p>Kappelin rakentaminen oli pitk\u00e4aikainen haave. Hiljalleen se mieless\u00e4 rakentui ja haki muotoaan. Lopulta siit\u00e4 tuli suomalainen harmaakivi kirkko. Kirkon rakennusaineina ovat toimineet Alppien liuskekivet, Valamon tiilet, Kanarialainen juoksuhiekka sek\u00e4 englantilaiset tiilet.<\/p>\n<p>&nbsp;<\/p>\n<figure id=\"attachment_4535\" aria-describedby=\"caption-attachment-4535\" style=\"width: 504px\" class=\"wp-caption aligncenter\"><img loading=\"lazy\" decoding=\"async\" class=\"size-full wp-image-4535\" src=\"http:\/\/kinanen.fi\/wordpress\/wp-content\/uploads\/2012\/02\/kappeli24.jpg\" alt=\"Kirkon nurkalla\" width=\"504\" height=\"378\" \/><figcaption id=\"caption-attachment-4535\" class=\"wp-caption-text\">Kirkon nurkalla<\/figcaption><\/figure>\n<p>&nbsp;<\/p>\n<figure id=\"attachment_5159\" aria-describedby=\"caption-attachment-5159\" style=\"width: 500px\" class=\"wp-caption aligncenter\"><img loading=\"lazy\" decoding=\"async\" class=\"size-full wp-image-5159\" src=\"http:\/\/kinanen.fi\/wordpress\/wp-content\/uploads\/2012\/08\/eevertinkappeli_laaja1.jpg\" alt=\"Siipan ottama sis\u00e4kuva \" width=\"500\" height=\"750\" \/><figcaption id=\"caption-attachment-5159\" class=\"wp-caption-text\">Siipan ottama sis\u00e4kuva<\/figcaption><\/figure>\n<p>&nbsp;<\/p>\n<figure id=\"attachment_5546\" aria-describedby=\"caption-attachment-5546\" style=\"width: 470px\" class=\"wp-caption aligncenter\"><img loading=\"lazy\" decoding=\"async\" class=\"size-full wp-image-5546\" src=\"http:\/\/kinanen.fi\/wordpress\/wp-content\/uploads\/2012\/11\/16.12c.jpg\" alt=\"Aamuh\u00e4m\u00e4r\u00e4ss\u00e4\" width=\"470\" height=\"640\" \/><figcaption id=\"caption-attachment-5546\" class=\"wp-caption-text\">Aamuh\u00e4m\u00e4r\u00e4ss\u00e4<\/figcaption><\/figure>\n<p>&nbsp;<\/p>\n<figure id=\"attachment_5375\" aria-describedby=\"caption-attachment-5375\" style=\"width: 475px\" class=\"wp-caption aligncenter\"><img loading=\"lazy\" decoding=\"async\" class=\"size-full wp-image-5375\" src=\"http:\/\/kinanen.fi\/wordpress\/wp-content\/uploads\/2012\/09\/penkit14.jpg\" alt=\"Alttari\" width=\"475\" height=\"633\" \/><figcaption id=\"caption-attachment-5375\" class=\"wp-caption-text\">Alttari<\/figcaption><\/figure>\n<p>&nbsp;<\/p>\n<figure id=\"attachment_5142\" aria-describedby=\"caption-attachment-5142\" style=\"width: 418px\" class=\"wp-caption aligncenter\"><img loading=\"lazy\" decoding=\"async\" class=\"size-full wp-image-5142\" src=\"http:\/\/kinanen.fi\/wordpress\/wp-content\/uploads\/2012\/08\/penkit17.jpg\" alt=\"Madonna Maria Waldgrast luostarista\" width=\"418\" height=\"640\" \/><figcaption id=\"caption-attachment-5142\" class=\"wp-caption-text\">Madonna Maria Waldgrast luostarista<\/figcaption><\/figure>\n<p>&nbsp;<\/p>\n<figure id=\"attachment_7014\" aria-describedby=\"caption-attachment-7014\" style=\"width: 457px\" class=\"wp-caption aligncenter\"><a href=\"http:\/\/kinanen.fi\/wordpress\/wp-content\/uploads\/2013\/10\/12.12e.jpg\"><img loading=\"lazy\" decoding=\"async\" class=\"size-full wp-image-7014\" src=\"http:\/\/kinanen.fi\/wordpress\/wp-content\/uploads\/2013\/10\/12.12e.jpg\" alt=\"Haudalla\" width=\"457\" height=\"640\" \/><\/a><figcaption id=\"caption-attachment-7014\" class=\"wp-caption-text\">Haudalla<\/figcaption><\/figure>\n<h3>Muisto<\/h3>\n<p>Vanha Jukka-tuotteen koottava hirsitalo 1940-luvun tuntumasta. Sinne rakentuu muistoja ja tuokiokuvia ties mist\u00e4 tallentuneita ja t\u00e4ysin toisiinsa liittym\u00e4tt\u00f6mi\u00e4 tunnelmia ja hetki\u00e4.<\/p>\n<p>&nbsp;<\/p>\n<figure id=\"attachment_5479\" aria-describedby=\"caption-attachment-5479\" style=\"width: 503px\" class=\"wp-caption aligncenter\"><img loading=\"lazy\" decoding=\"async\" class=\"size-full wp-image-5479\" src=\"http:\/\/kinanen.fi\/wordpress\/wp-content\/uploads\/2012\/10\/runko.jpg\" alt=\"Hirsitalo\" width=\"503\" height=\"335\" \/><figcaption id=\"caption-attachment-5479\" class=\"wp-caption-text\">Hirsitalo<\/figcaption><\/figure>\n<p>&nbsp;<\/p>\n<figure id=\"attachment_5887\" aria-describedby=\"caption-attachment-5887\" style=\"width: 503px\" class=\"wp-caption aligncenter\"><img loading=\"lazy\" decoding=\"async\" class=\"size-full wp-image-5887\" src=\"http:\/\/kinanen.fi\/wordpress\/wp-content\/uploads\/2012\/12\/tupa.jpg\" alt=\"Tupa\" width=\"503\" height=\"277\" \/><figcaption id=\"caption-attachment-5887\" class=\"wp-caption-text\">Tupa<\/figcaption><\/figure>\n<figure id=\"attachment_5890\" aria-describedby=\"caption-attachment-5890\" style=\"width: 502px\" class=\"wp-caption aligncenter\"><img loading=\"lazy\" decoding=\"async\" class=\"size-full wp-image-5890\" src=\"http:\/\/kinanen.fi\/wordpress\/wp-content\/uploads\/2012\/12\/Lamppu.jpg\" alt=\"Tillilamppu\" width=\"502\" height=\"354\" \/><figcaption id=\"caption-attachment-5890\" class=\"wp-caption-text\">Tillilamppu<\/figcaption><\/figure>\n<figure id=\"attachment_5889\" aria-describedby=\"caption-attachment-5889\" style=\"width: 475px\" class=\"wp-caption aligncenter\"><img loading=\"lazy\" decoding=\"async\" class=\"size-full wp-image-5889\" src=\"http:\/\/kinanen.fi\/wordpress\/wp-content\/uploads\/2012\/12\/Leivinuuni3.jpg\" alt=\"Leivinuuni\" width=\"475\" height=\"412\" \/><figcaption id=\"caption-attachment-5889\" class=\"wp-caption-text\">Leivinuuni<\/figcaption><\/figure>\n<figure id=\"attachment_5885\" aria-describedby=\"caption-attachment-5885\" style=\"width: 504px\" class=\"wp-caption aligncenter\"><img loading=\"lazy\" decoding=\"async\" class=\"size-full wp-image-5885\" src=\"http:\/\/kinanen.fi\/wordpress\/wp-content\/uploads\/2012\/12\/tupa2.jpg\" alt=\"Vanha tupa\" width=\"504\" height=\"378\" \/><figcaption id=\"caption-attachment-5885\" class=\"wp-caption-text\">Vanha tupa<\/figcaption><\/figure>\n<figure id=\"attachment_6145\" aria-describedby=\"caption-attachment-6145\" style=\"width: 480px\" class=\"wp-caption aligncenter\"><a href=\"http:\/\/kinanen.fi\/wordpress\/wp-content\/uploads\/2013\/03\/kiuas12.jpg\"><img loading=\"lazy\" decoding=\"async\" class=\"size-full wp-image-6145\" src=\"http:\/\/kinanen.fi\/wordpress\/wp-content\/uploads\/2013\/03\/kiuas12.jpg\" alt=\"Lis\u00e4\u00e4 savua\" width=\"480\" height=\"640\" \/><\/a><figcaption id=\"caption-attachment-6145\" class=\"wp-caption-text\">Savusauna<\/figcaption><\/figure>\n<figure id=\"attachment_6042\" aria-describedby=\"caption-attachment-6042\" style=\"width: 501px\" class=\"wp-caption aligncenter\"><a href=\"http:\/\/kinanen.fi\/wordpress\/wp-content\/uploads\/2013\/01\/kiuas11.jpg\"><img loading=\"lazy\" decoding=\"async\" class=\" wp-image-6042\" src=\"http:\/\/kinanen.fi\/wordpress\/wp-content\/uploads\/2013\/01\/kiuas11.jpg\" alt=\"Hyvin palaa\" width=\"501\" height=\"320\" \/><\/a><figcaption id=\"caption-attachment-6042\" class=\"wp-caption-text\">Hyvin palaa<\/figcaption><\/figure>\n<figure id=\"attachment_6206\" aria-describedby=\"caption-attachment-6206\" style=\"width: 499px\" class=\"wp-caption aligncenter\"><a href=\"http:\/\/kinanen.fi\/wordpress\/wp-content\/uploads\/2013\/03\/Lipasto3.jpg\"><img loading=\"lazy\" decoding=\"async\" class=\" wp-image-6206\" src=\"http:\/\/kinanen.fi\/wordpress\/wp-content\/uploads\/2013\/03\/Lipasto3.jpg\" alt=\"Lipasto paikoillaan\" width=\"499\" height=\"496\" \/><\/a><figcaption id=\"caption-attachment-6206\" class=\"wp-caption-text\">Lipasto paikoillaan<\/figcaption><\/figure>\n<figure id=\"attachment_6168\" aria-describedby=\"caption-attachment-6168\" style=\"width: 517px\" class=\"wp-caption aligncenter\"><a href=\"http:\/\/kinanen.fi\/wordpress\/wp-content\/uploads\/2013\/03\/kangaspuut10.jpg\"><img loading=\"lazy\" decoding=\"async\" class=\"size-full wp-image-6168\" src=\"http:\/\/kinanen.fi\/wordpress\/wp-content\/uploads\/2013\/03\/kangaspuut10.jpg\" alt=\"Verhojen kanssa\" width=\"517\" height=\"640\" \/><\/a><figcaption id=\"caption-attachment-6168\" class=\"wp-caption-text\">Kangaspuut<\/figcaption><\/figure>\n<figure id=\"attachment_7551\" aria-describedby=\"caption-attachment-7551\" style=\"width: 513px\" class=\"wp-caption aligncenter\"><a href=\"http:\/\/kinanen.fi\/wordpress\/wp-content\/uploads\/2014\/05\/kauppa3.jpg\"><img loading=\"lazy\" decoding=\"async\" class=\" wp-image-7551\" src=\"http:\/\/kinanen.fi\/wordpress\/wp-content\/uploads\/2014\/05\/kauppa3.jpg\" alt=\"Kaupan valo\" width=\"513\" height=\"433\" \/><\/a><figcaption id=\"caption-attachment-7551\" class=\"wp-caption-text\">Vanha kauppa<\/figcaption><\/figure>\n<figure id=\"attachment_7555\" aria-describedby=\"caption-attachment-7555\" style=\"width: 497px\" class=\"wp-caption aligncenter\"><a href=\"http:\/\/kinanen.fi\/wordpress\/wp-content\/uploads\/2014\/05\/kauppa6.jpg\"><img loading=\"lazy\" decoding=\"async\" class=\" wp-image-7555\" src=\"http:\/\/kinanen.fi\/wordpress\/wp-content\/uploads\/2014\/05\/kauppa6.jpg\" alt=\"L\u00e4hiruokaa\" width=\"497\" height=\"373\" \/><\/a><figcaption id=\"caption-attachment-7555\" class=\"wp-caption-text\">L\u00e4hiruokaa vanhalla kaupalla<\/figcaption><\/figure>\n<figure id=\"attachment_7553\" aria-describedby=\"caption-attachment-7553\" style=\"width: 494px\" class=\"wp-caption aligncenter\"><a href=\"http:\/\/kinanen.fi\/wordpress\/wp-content\/uploads\/2014\/05\/kauppa4.jpg\"><img loading=\"lazy\" decoding=\"async\" class=\"size-full wp-image-7553\" src=\"http:\/\/kinanen.fi\/wordpress\/wp-content\/uploads\/2014\/05\/kauppa4.jpg\" alt=\"Hylly \" width=\"494\" height=\"640\" \/><\/a><figcaption id=\"caption-attachment-7553\" class=\"wp-caption-text\">Vanha kauppa<\/figcaption><\/figure>\n<p>Muistojen talo on sijoitettuna t\u00e4ll\u00e4 hetkell\u00e4 kirjahyllyyn muiden talojen kassa samaan paikkaan. Yksi huone on viel\u00e4 tekem\u00e4tt\u00e4. Muisto odottaa tulemistaan.<\/p>\n<figure id=\"attachment_7562\" aria-describedby=\"caption-attachment-7562\" style=\"width: 514px\" class=\"wp-caption aligncenter\"><a href=\"http:\/\/kinanen.fi\/wordpress\/wp-content\/uploads\/2012\/12\/kuva-kopio.jpg\"><img loading=\"lazy\" decoding=\"async\" class=\" wp-image-7562\" src=\"http:\/\/kinanen.fi\/wordpress\/wp-content\/uploads\/2012\/12\/kuva-kopio.jpg\" alt=\"Eevertin muut talot\" width=\"514\" height=\"265\" \/><\/a><figcaption id=\"caption-attachment-7562\" class=\"wp-caption-text\">Eevertin muut talot<\/figcaption><\/figure>\n<p>&nbsp;<\/p>\n<p><strong>Verstas<\/strong><\/p>\n<p>Kauan kaivattu verstashuone syntyi syksyll\u00e4 2016 samoihin aikoihin kun itse sain yll\u00e4tt\u00e4en kes\u00e4k\u00e4ytt\u00f6isen askartelutilan haltuuni.<\/p>\n<p>Askartelutiaan siirtyiv\u00e4t my\u00f6s Kalamaja ja Muisto oman 1:1 kodin muuton mukana. Kappeli ja Eevertin p\u00e4\u00e4talo j\u00e4iv\u00e4t l\u00e4mpimiin sis\u00e4tiloihin.<\/p>\n<figure id=\"attachment_10099\" aria-describedby=\"caption-attachment-10099\" style=\"width: 562px\" class=\"wp-caption aligncenter\"><img loading=\"lazy\" decoding=\"async\" class=\"size-full wp-image-10099\" src=\"http:\/\/kinanen.fi\/wordpress\/wp-content\/uploads\/2016\/11\/28.9.-1.jpg\" alt=\"Verstaalla\" width=\"562\" height=\"640\" \/><figcaption id=\"caption-attachment-10099\" class=\"wp-caption-text\">Verstaalla<\/figcaption><\/figure>\n<p>Verstaalle valmistui ensiksi h\u00f6yl\u00e4penkki Marian ohjeella. Ja ohjetta en tietenk\u00e4\u00e4n ihan timmisti lukenut, mutta Eevert on tyytyv\u00e4inen ty\u00f6tilaansa pienist\u00e4 v\u00e4\u00e4rinymm\u00e4rryksist\u00e4 huolimatta.<\/p>\n<figure id=\"attachment_9965\" aria-describedby=\"caption-attachment-9965\" style=\"width: 632px\" class=\"wp-caption aligncenter\"><img loading=\"lazy\" decoding=\"async\" class=\"size-full wp-image-9965\" src=\"http:\/\/kinanen.fi\/wordpress\/wp-content\/uploads\/2016\/08\/ty\u00f6huone-1-8.jpg\" alt=\"Eevertin ty\u00f6huone\" width=\"632\" height=\"640\" \/><figcaption id=\"caption-attachment-9965\" class=\"wp-caption-text\">Eevertin ty\u00f6huone<\/figcaption><\/figure>\n<p>Hiljalleen verstas on t\u00e4yttynyt kaikesta tarpeellisesta ja ensimm\u00e4iset ty\u00f6tkin on siell\u00e4 jo tehty.<\/p>\n<figure id=\"attachment_10119\" aria-describedby=\"caption-attachment-10119\" style=\"width: 640px\" class=\"wp-caption aligncenter\"><img loading=\"lazy\" decoding=\"async\" class=\"size-full wp-image-10119\" src=\"http:\/\/kinanen.fi\/wordpress\/wp-content\/uploads\/2016\/12\/12.12.-4.jpg\" alt=\"Mittoja\" width=\"640\" height=\"427\" \/><figcaption id=\"caption-attachment-10119\" class=\"wp-caption-text\">Mittoja<\/figcaption><\/figure>\n<p>Marian ohjeilla my\u00f6s kappoja.<\/p>\n<figure id=\"attachment_10104\" aria-describedby=\"caption-attachment-10104\" style=\"width: 575px\" class=\"wp-caption aligncenter\"><img loading=\"lazy\" decoding=\"async\" class=\"size-full wp-image-10104\" src=\"http:\/\/kinanen.fi\/wordpress\/wp-content\/uploads\/2016\/11\/28.9.-7.jpg\" alt=\"Verstas\" width=\"575\" height=\"640\" \/><figcaption id=\"caption-attachment-10104\" class=\"wp-caption-text\">Verstas<\/figcaption><\/figure>\n<p>&nbsp;<\/p>\n<h4>Apila<\/h4>\n<p>Apila on vanhaan Lundby taloon tehty navetta, joka on viel\u00e4 pahasti kesken.<\/p>\n<figure id=\"attachment_11333\" aria-describedby=\"caption-attachment-11333\" style=\"width: 600px\" class=\"wp-caption aligncenter\"><img loading=\"lazy\" decoding=\"async\" class=\"size-full wp-image-11333\" src=\"http:\/\/kinanen.fi\/wordpress\/wp-content\/uploads\/2018\/04\/Uusikoti-3-1.jpg\" alt=\"\" width=\"600\" height=\"450\" \/><figcaption id=\"caption-attachment-11333\" class=\"wp-caption-text\">Apila<\/figcaption><\/figure>\n<p>Karja on sent\u00e4\u00e4n hyv\u00e4ss\u00e4 hoidossa jo.<\/p>\n<figure id=\"attachment_11338\" aria-describedby=\"caption-attachment-11338\" style=\"width: 600px\" class=\"wp-caption aligncenter\"><img loading=\"lazy\" decoding=\"async\" class=\"size-full wp-image-11338\" src=\"http:\/\/kinanen.fi\/wordpress\/wp-content\/uploads\/2018\/04\/Uusikoti-8-1.jpg\" alt=\"\" width=\"600\" height=\"600\" \/><figcaption id=\"caption-attachment-11338\" class=\"wp-caption-text\">Karja<\/figcaption><\/figure>\n<p>Sontaluukkukin on asennettu.<\/p>\n<p><img loading=\"lazy\" decoding=\"async\" class=\"aligncenter size-full wp-image-10975\" src=\"http:\/\/kinanen.fi\/wordpress\/wp-content\/uploads\/2017\/08\/betonia-1.jpg\" alt=\"\" width=\"600\" height=\"800\" \/><\/p>\n<p>Lypykone toimii.<\/p>\n<figure id=\"attachment_11238\" aria-describedby=\"caption-attachment-11238\" style=\"width: 600px\" class=\"wp-caption aligncenter\"><img loading=\"lazy\" decoding=\"async\" class=\"size-full wp-image-11238\" src=\"http:\/\/kinanen.fi\/wordpress\/wp-content\/uploads\/2017\/12\/lypsykone-4-1.jpg\" alt=\"\" width=\"600\" height=\"450\" \/><figcaption id=\"caption-attachment-11238\" class=\"wp-caption-text\">Valmis kone<\/figcaption><\/figure>\n","protected":false},"excerpt":{"rendered":"<p>Eevertin p\u00e4\u00e4talon lis\u00e4ksi aikaa my\u00f6ten on syntynyt my\u00f6s muita taloja jotka kiinte\u00e4asti liittyv\u00e4t Eevertin el\u00e4m\u00e4nkulkuun. Kalamaja Se rakentui Siipan k\u00e4tk\u00f6ist\u00e4 l\u00f6ydettyyn seimiasetelman talliin. &nbsp; &nbsp; &nbsp; \u00a0Kappeli Kappelin rakentaminen oli pitk\u00e4aikainen haave. Hiljalleen se mieless\u00e4 rakentui ja haki muotoaan. Lopulta siit\u00e4 tuli suomalainen harmaakivi kirkko. Kirkon rakennusaineina ovat toimineet Alppien liuskekivet, Valamon tiilet, Kanarialainen juoksuhiekka [&hellip;]<\/p>\n","protected":false},"author":1,"featured_media":0,"parent":2599,"menu_order":0,"comment_status":"open","ping_status":"open","template":"","meta":{"footnotes":""},"class_list":["post-5912","page","type-page","status-publish","hentry"],"_links":{"self":[{"href":"https:\/\/www.kinanen.fi\/nukkekoti\/wp-json\/wp\/v2\/pages\/5912","targetHints":{"allow":["GET"]}}],"collection":[{"href":"https:\/\/www.kinanen.fi\/nukkekoti\/wp-json\/wp\/v2\/pages"}],"about":[{"href":"https:\/\/www.kinanen.fi\/nukkekoti\/wp-json\/wp\/v2\/types\/page"}],"author":[{"embeddable":true,"href":"https:\/\/www.kinanen.fi\/nukkekoti\/wp-json\/wp\/v2\/users\/1"}],"replies":[{"embeddable":true,"href":"https:\/\/www.kinanen.fi\/nukkekoti\/wp-json\/wp\/v2\/comments?post=5912"}],"version-history":[{"count":11,"href":"https:\/\/www.kinanen.fi\/nukkekoti\/wp-json\/wp\/v2\/pages\/5912\/revisions"}],"predecessor-version":[{"id":11706,"href":"https:\/\/www.kinanen.fi\/nukkekoti\/wp-json\/wp\/v2\/pages\/5912\/revisions\/11706"}],"up":[{"embeddable":true,"href":"https:\/\/www.kinanen.fi\/nukkekoti\/wp-json\/wp\/v2\/pages\/2599"}],"wp:attachment":[{"href":"https:\/\/www.kinanen.fi\/nukkekoti\/wp-json\/wp\/v2\/media?parent=5912"}],"curies":[{"name":"wp","href":"https:\/\/api.w.org\/{rel}","templated":true}]}}