{"id":507,"date":"2017-01-08T21:15:55","date_gmt":"2017-01-08T19:15:55","guid":{"rendered":"http:\/\/tuuma.blogaaja.fi\/?page_id=507"},"modified":"2017-01-08T21:15:55","modified_gmt":"2017-01-08T19:15:55","slug":"tietoja-minusta","status":"publish","type":"page","link":"https:\/\/www.kinanen.fi\/unelma\/tietoja-minusta\/","title":{"rendered":"Kuka min\u00e4 olen"},"content":{"rendered":"<p>T\u00e4mm\u00f6inen vanhempi t\u00e4ti-ihminen joka kirjaa muistiin hyv\u00e4ksi kokemiaan ruokaohjeita ja kokemuksiaan parvekepuutarhan hoidosta.<br \/>\nRuoka on minulle maistunut aina ja olen kiinnostunut kokeilemaan erilaisia ohjeita sek\u00e4 luomaan uusia. <\/p>\n<p>Puutarha-asioissa olen surkea, mutta yritt\u00e4mist\u00e4 ja intoa kokeiluun ei puutu. <\/p>\n","protected":false},"excerpt":{"rendered":"<p>T\u00e4mm\u00f6inen vanhempi t\u00e4ti-ihminen joka kirjaa muistiin hyv\u00e4ksi kokemiaan ruokaohjeita ja kokemuksiaan parvekepuutarhan hoidosta. Ruoka on minulle maistunut aina ja olen kiinnostunut kokeilemaan erilaisia ohjeita sek\u00e4 luomaan uusia. Puutarha-asioissa olen surkea, mutta yritt\u00e4mist\u00e4 ja intoa kokeiluun ei puutu.<\/p>\n","protected":false},"author":2,"featured_media":513,"parent":0,"menu_order":0,"comment_status":"closed","ping_status":"closed","template":"","meta":{"footnotes":""},"class_list":["post-507","page","type-page","status-publish","has-post-thumbnail","hentry"],"_links":{"self":[{"href":"https:\/\/www.kinanen.fi\/unelma\/wp-json\/wp\/v2\/pages\/507","targetHints":{"allow":["GET"]}}],"collection":[{"href":"https:\/\/www.kinanen.fi\/unelma\/wp-json\/wp\/v2\/pages"}],"about":[{"href":"https:\/\/www.kinanen.fi\/unelma\/wp-json\/wp\/v2\/types\/page"}],"author":[{"embeddable":true,"href":"https:\/\/www.kinanen.fi\/unelma\/wp-json\/wp\/v2\/users\/2"}],"replies":[{"embeddable":true,"href":"https:\/\/www.kinanen.fi\/unelma\/wp-json\/wp\/v2\/comments?post=507"}],"version-history":[{"count":0,"href":"https:\/\/www.kinanen.fi\/unelma\/wp-json\/wp\/v2\/pages\/507\/revisions"}],"wp:featuredmedia":[{"embeddable":true,"href":"https:\/\/www.kinanen.fi\/unelma\/wp-json\/wp\/v2\/media\/513"}],"wp:attachment":[{"href":"https:\/\/www.kinanen.fi\/unelma\/wp-json\/wp\/v2\/media?parent=507"}],"curies":[{"name":"wp","href":"https:\/\/api.w.org\/{rel}","templated":true}]}}